and 6054308.
13
What is the greatest common factor of 40420 and 370402?
86
Calculate the greatest common divisor of 2592 and 1088721.
81
Calculate the highest common factor of 1802 and 745008.
34
Calculate the greatest common factor of 33875343 and 138.
69
What is the highest common factor of 1467 and 111909117?
489
What is the highest common factor of 131429652 and 315300?
12612
What is the highest common factor of 5374 and 60949221?
2687
What is the greatest common divisor of 845581013 and 8098?
4049
What is the greatest common factor of 188 and 11023568?
188
What is the highest common divisor of 431903516 and 76?
76
What is the highest common divisor of 169079900 and 1840?
460
What is the highest common factor of 6742 and 6425126?
6742
What is the highest common factor of 5404040 and 230?
10
Calculate the highest common divisor of 45 and 45006363.
9
Calculate the greatest common divisor of 43 and 82642259.
43
What is the greatest common divisor of 362406 and 56202?
1938
What is the greatest common divisor of 11180 and 31612740?
860
Calculate the highest common divisor of 119 and 27090707.
119
What is the greatest common divisor of 9828 and 85254?
78
Calculate the greatest common factor of 1272 and 592594272.
1272
Calculate the highest common factor of 164 and 272740774.
82
Calculate the highest common divisor of 17 and 41561753.
17
What is the greatest common divisor of 185646909 and 7119?
2373
What is the highest common factor of 4841749 and 176?
11
Calculate the greatest common factor of 41894526 and 24.
6
Calculate the greatest common divisor of 2420676 and 8892.
684
What is the greatest common factor of 70662 and 162?
6
Calculate the highest common divisor of 22330199 and 2542.
1271
What is the greatest common factor of 36281482 and 2?
2
What is the highest common divisor of 46716876 and 19716?
372
Calculate the greatest common divisor of 480 and 820140.
60
What is the greatest common factor of 213886 and 5137?
467
What is the greatest common factor of 521551383 and 2126?
1063
What is the greatest common divisor of 897 and 4422831?
69
What is the highest common factor of 904294 and 100212?
2386
Calculate the greatest common factor of 230510508 and 30058.
4294
Calculate the highest common factor of 318465 and 9623035.
1685
Calculate the highest common divisor of 21 and 128246972.
7
What is the highest common divisor of 87191325 and 195?
195
What is the highest common divisor of 5 and 34401335?
5
Calculate the highest common divisor of 14589343 and 258833.
6313
Calculate the highest common factor of 10526 and 278578.
38
Calculate the highest common divisor of 10680789 and 6641.
229
What is the highest common factor of 494 and 907845289?
247
What is the highest common divisor of 46476 and 27756?
36
Calculate the highest common divisor of 164 and 13007696.
4
What is the highest common divisor of 43897880 and 208?
104
Calculate the greatest common divisor of 13 and 66962337.
13
Calculate the highest common divisor of 2850 and 1488810.
30
Calculate the greatest common divisor of 436 and 33353564.
436
Calculate the highest common divisor of 799 and 45431234.
47
What is the greatest common factor of 14727009 and 3?
3
Calculate the highest common factor of 43 and 188473558.
43
Calculate the greatest common factor of 169664368 and 9648.
1072
What is the greatest common factor of 25480 and 1093625?
65
What is the highest common factor of 22428 and 1130745?
1869
Calculate the greatest common divisor of 78722083 and 143.
11
What is the greatest common divisor of 271771184 and 16?
16
Calculate the highest common factor of 309888 and 12776424.
6456
Calculate the greatest common factor of 870422751 and 47.
47
Calculate the highest common divisor of 678 and 2604840066.
678
Calculate the highest common factor of 1979475 and 16175.
25
What is the highest common divisor of 379150 and 44000?
50
What is the greatest common factor of 11022603 and 76?
19
Calculate the greatest common factor of 25286169 and 4923.
1641
What is the greatest common divisor of 1827 and 3671458?
203
Calculate the highest common divisor of 310 and 200159994.
62
What is the greatest common divisor of 6 and 259632226?
2
Calculate the highest common factor of 255704778 and 126.
126
Calculate the greatest common factor of 1161552 and 56.
56
Calculate the greatest common factor of 224 and 37619512.
56
What is the greatest common divisor of 4742 and 1606?
2
Calculate the greatest common factor of 997594 and 64294.
2074
What is the highest common divisor of 3314365 and 465?
155
Calculate the greatest common divisor of 1084925805 and 615.
615
Calculate the highest common divisor of 30348 and 22815216.
108
What is the highest common divisor of 6188612 and 2533?
17
Calculate the highest common factor of 85 and 1246049.
17
Calculate the greatest common divisor of 1787779 and 1778.
889
What is the greatest common divisor of 8080350 and 28242?
3138
What is the highest common factor of 24 and 1238156?
4
What is the greatest common divisor of 1921472812 and 3021?
1007
What is the greatest common divisor of 308 and 16235604?
308
What is the highest common factor of 5399 and 158789989?
5399
Calculate the highest common factor of 1194 and 49782.
6
What is the highest common divisor of 150 and 1262121675?
75
Calculate the greatest common divisor of 142480 and 25168.
208
What is the highest common divisor of 741275 and 111750?
3725
Calculate the highest common divisor of 1837962 and 50141.
203
Calculate the highest common divisor of 1255 and 530170.
5
Calculate the greatest common factor of 88092306 and 9.
9
What is the highest common factor of 505644 and 7092?
12
Calculate the greatest common factor of 180870390 and 690.
690
What is the highest common divisor of 112 and 9748158?
14
Calculate the highest common factor of 6608 and 372624.
112
Calculate the highest common factor of 3165318 and 306.
18
What is the highest common factor of 83275769 and 28748?
7187
What is the highest common factor of 521 and 80869099?
521
Calculate the greatest common factor of 9 and 258614703.
9
Calculate the highest common divisor of 4650267 and 2289.
327
What is the greatest common divisor of 3726 and 114073974?
1242
What is the greatest common factor of 1322827200 and 531?
531
Calculate the highest common divisor of 187304 and 23816.
104
What is the highest common divisor of 679501350 and 66?
66
What is the highest common divisor of 711337 and 891?
11
Calculate the highest common factor of 20836950 and 6625.
1325
What is the greatest common factor of 317254056 and 756?
84
What is the greatest common factor of 20485 and 29335725?
1205
What is the highest common divisor of 513 and 233243525?
19
Calculate the highest common divisor of 1728042 and 84.
6
Calculate the highest common divisor of 11234674 and 762.
254
What is the highest common divisor of 5500 and 5999125?
1375
What is the highest common divisor of 1698180 and 19437?
1023
Calculate the greatest common divisor of 7220641 and 394.
197
Calculate the highest common divisor of 10127 and 4193357.
779
Calculate the greatest common factor of 223745 and 4079515.
3065
Calculate the highest common factor of 13288834 and 1534.
26
Calculate the highest common divisor of 5 and 50520815.
5
Calculate the greatest common factor of 81 and 119670669.
27
Calculate the highest common factor of 6565475 and 175.
175
Calculate the highest common divisor of 890980 and 25.
5
What is the highest common factor of 20171376 and 1060?
212
Calculate the highest common divisor of 2592 and 24408702.
162
What is the highest common divisor of 189 and 4780916?
7
Calculate the greatest common divisor of 286623672 and 272.
136
Calculate the highest common divisor of 928434 and 8628.
6
Calculate the highest common divisor of 75 and 8083275.
75
What is the highest common factor of 20397312 and 199296?
1152
What is the greatest common divisor of 4 and 6698402?
2
What is the highest common divisor of 27426503 and 1521?
169
What is the greatest common factor of 124 and 6441738?
62
What is the greatest common divisor of 446121 and 230051?
1271
What is the highest common divisor of 115 and 1562402995?
115
What is the greatest common factor of 1494381 and 33?
3
Calculate the greatest common factor of 3